{"id":23571,"date":"2026-03-20T11:56:08","date_gmt":"2026-03-20T11:56:08","guid":{"rendered":"https:\/\/www.baslerpapiermuehle.ch\/?post_type=mec-events&#038;p=23571"},"modified":"2026-03-20T11:56:08","modified_gmt":"2026-03-20T11:56:08","slug":"vernissage-buendelbanden-das-grosse-unboxing","status":"publish","type":"mec-events","link":"https:\/\/www.baslerpapiermuehle.ch\/en\/events\/vernissage-buendelbanden-das-grosse-unboxing\/","title":{"rendered":"Vernissage: B\u00fcndelbanden. Das grosse Unboxing"},"content":{"rendered":"<p><strong>Wir er\u00f6ffnen unsere Ausstellung mit einer geb\u00fcndelten Ladung Karton. Hilf mit beim Unboxing und entdecke die vertrauten B\u00fcndel am Strassenrand ganz neu! Spannende G\u00e4ste erz\u00e4hlen von den verborgenen Seiten der Schachtelberge. Und auch vom Karton selbst wollen wir wissen: Was erlebt er auf seinen Reisen durch Lagerhallen, Schiffscontainer und Wohnzimmer und wem begegnet er dort? W\u00e4hrend den Basler Sommerferien beleben wir die Ausstellung mit Workshops und auf Spazierg\u00e4ngen erkunden wir die Kartonsammlung im Quartier. An der Vernissage erf\u00e4hrst du, wie alles miteinander verschachtelt ist. <\/strong><\/p>\n<p><strong>Die Vernissage findet im Atelier 39 statt, direkt neben dem Museum. Die Teilnahme ist kostenlos. Das Angebot richtet sich an Kinder, Jugendliche und Erwachsene. Eine Anmeldung ist nicht erforderlich. Eintritt frei.<\/strong><\/p>\n<p><em><strong>Gef\u00f6rdert durch den Swisslos-Fonds Basel-Stadt<\/strong><\/em><\/p>\n","protected":false},"excerpt":{"rendered":"<p>Wir er\u00f6ffnen unsere Ausstellung mit einer geb\u00fcndelten Ladung Karton. Hilf mit beim Unboxing und entdecke die vertrauten B\u00fcndel am Strassenrand ganz neu! Spannende G\u00e4ste erz\u00e4hlen von den verborgenen Seiten der Schachtelberge. Und auch vom Karton selbst wollen wir wissen: Was erlebt er auf seinen Reisen durch Lagerhallen, Schiffscontainer und Wohnzimmer und wem begegnet er dort? [&hellip;]<\/p>\n","protected":false},"author":3,"featured_media":23572,"comment_status":"closed","ping_status":"closed","template":"","tags":[],"mec_category":[116],"class_list":["post-23571","mec-events","type-mec-events","status-publish","has-post-thumbnail","hentry","mec_category-vernisssage"],"acf":[],"yoast_head":"<!-- This site is optimized with the Yoast SEO plugin v26.8 - https:\/\/yoast.com\/product\/yoast-seo-wordpress\/ -->\n<title>Vernissage: B\u00fcndelbanden. Das grosse Unboxing - Basler Papierm\u00fchle<\/title>\n<meta name=\"robots\" content=\"index, follow, max-snippet:-1, max-image-preview:large, max-video-preview:-1\" \/>\n<link rel=\"canonical\" href=\"https:\/\/www.baslerpapiermuehle.ch\/events\/vernissage-buendelbanden-das-grosse-unboxing\/\" \/>\n<meta property=\"og:locale\" content=\"en_US\" \/>\n<meta property=\"og:type\" content=\"article\" \/>\n<meta property=\"og:title\" content=\"Vernissage: B\u00fcndelbanden. Das grosse Unboxing - Basler Papierm\u00fchle\" \/>\n<meta property=\"og:description\" content=\"Wir er\u00f6ffnen unsere Ausstellung mit einer geb\u00fcndelten Ladung Karton. Hilf mit beim Unboxing und entdecke die vertrauten B\u00fcndel am Strassenrand ganz neu! Spannende G\u00e4ste erz\u00e4hlen von den verborgenen Seiten der Schachtelberge. Und auch vom Karton selbst wollen wir wissen: Was erlebt er auf seinen Reisen durch Lagerhallen, Schiffscontainer und Wohnzimmer und wem begegnet er dort? [&hellip;]\" \/>\n<meta property=\"og:url\" content=\"https:\/\/www.baslerpapiermuehle.ch\/events\/vernissage-buendelbanden-das-grosse-unboxing\/\" \/>\n<meta property=\"og:site_name\" content=\"Basler Papierm\u00fchle\" \/>\n<meta property=\"article:publisher\" content=\"https:\/\/www.facebook.com\/baslerpapiermuehle\/\" \/>\n<meta property=\"og:image\" content=\"https:\/\/www.baslerpapiermuehle.ch\/wp-content\/uploads\/2026\/03\/20231017_180040_color-scaled.jpg\" \/>\n\t<meta property=\"og:image:width\" content=\"2560\" \/>\n\t<meta property=\"og:image:height\" content=\"1447\" \/>\n\t<meta property=\"og:image:type\" content=\"image\/jpeg\" \/>\n<meta name=\"twitter:card\" content=\"summary_large_image\" \/>\n<meta name=\"twitter:label1\" content=\"Est. reading time\" \/>\n\t<meta name=\"twitter:data1\" content=\"1 minute\" \/>\n<script type=\"application\/ld+json\" class=\"yoast-schema-graph\">{\"@context\":\"https:\/\/schema.org\",\"@graph\":[{\"@type\":\"WebPage\",\"@id\":\"https:\/\/www.baslerpapiermuehle.ch\/events\/vernissage-buendelbanden-das-grosse-unboxing\/\",\"url\":\"https:\/\/www.baslerpapiermuehle.ch\/events\/vernissage-buendelbanden-das-grosse-unboxing\/\",\"name\":\"Vernissage: B\u00fcndelbanden. Das grosse Unboxing - Basler Papierm\u00fchle\",\"isPartOf\":{\"@id\":\"https:\/\/www.baslerpapiermuehle.ch\/#website\"},\"primaryImageOfPage\":{\"@id\":\"https:\/\/www.baslerpapiermuehle.ch\/events\/vernissage-buendelbanden-das-grosse-unboxing\/#primaryimage\"},\"image\":{\"@id\":\"https:\/\/www.baslerpapiermuehle.ch\/events\/vernissage-buendelbanden-das-grosse-unboxing\/#primaryimage\"},\"thumbnailUrl\":\"https:\/\/www.baslerpapiermuehle.ch\/wp-content\/uploads\/2026\/03\/20231017_180040_color-scaled.jpg\",\"datePublished\":\"2026-03-20T11:56:08+00:00\",\"breadcrumb\":{\"@id\":\"https:\/\/www.baslerpapiermuehle.ch\/events\/vernissage-buendelbanden-das-grosse-unboxing\/#breadcrumb\"},\"inLanguage\":\"en-US\",\"potentialAction\":[{\"@type\":\"ReadAction\",\"target\":[\"https:\/\/www.baslerpapiermuehle.ch\/events\/vernissage-buendelbanden-das-grosse-unboxing\/\"]}]},{\"@type\":\"ImageObject\",\"inLanguage\":\"en-US\",\"@id\":\"https:\/\/www.baslerpapiermuehle.ch\/events\/vernissage-buendelbanden-das-grosse-unboxing\/#primaryimage\",\"url\":\"https:\/\/www.baslerpapiermuehle.ch\/wp-content\/uploads\/2026\/03\/20231017_180040_color-scaled.jpg\",\"contentUrl\":\"https:\/\/www.baslerpapiermuehle.ch\/wp-content\/uploads\/2026\/03\/20231017_180040_color-scaled.jpg\",\"width\":2560,\"height\":1447},{\"@type\":\"BreadcrumbList\",\"@id\":\"https:\/\/www.baslerpapiermuehle.ch\/events\/vernissage-buendelbanden-das-grosse-unboxing\/#breadcrumb\",\"itemListElement\":[{\"@type\":\"ListItem\",\"position\":1,\"name\":\"Home\",\"item\":\"https:\/\/www.baslerpapiermuehle.ch\/en\/home-eng\/\"},{\"@type\":\"ListItem\",\"position\":2,\"name\":\"Veranstaltungen\",\"item\":\"https:\/\/www.baslerpapiermuehle.ch\/events\/\"},{\"@type\":\"ListItem\",\"position\":3,\"name\":\"Vernissage: B\u00fcndelbanden. Das grosse Unboxing\"}]},{\"@type\":\"WebSite\",\"@id\":\"https:\/\/www.baslerpapiermuehle.ch\/#website\",\"url\":\"https:\/\/www.baslerpapiermuehle.ch\/\",\"name\":\"Basler Papierm\u00fchle - Swiss Museum for Paper, Writing and Printing\",\"description\":\"Swiss Museum for Paper, Writing and Printing\",\"publisher\":{\"@id\":\"https:\/\/www.baslerpapiermuehle.ch\/#organization\"},\"potentialAction\":[{\"@type\":\"SearchAction\",\"target\":{\"@type\":\"EntryPoint\",\"urlTemplate\":\"https:\/\/www.baslerpapiermuehle.ch\/?s={search_term_string}\"},\"query-input\":{\"@type\":\"PropertyValueSpecification\",\"valueRequired\":true,\"valueName\":\"search_term_string\"}}],\"inLanguage\":\"en-US\"},{\"@type\":\"Organization\",\"@id\":\"https:\/\/www.baslerpapiermuehle.ch\/#organization\",\"name\":\"Basler Papierm\u00fchle Museum\",\"url\":\"https:\/\/www.baslerpapiermuehle.ch\/\",\"logo\":{\"@type\":\"ImageObject\",\"inLanguage\":\"en-US\",\"@id\":\"https:\/\/www.baslerpapiermuehle.ch\/#\/schema\/logo\/image\/\",\"url\":\"https:\/\/www.baslerpapiermuehle.ch\/wp-content\/uploads\/2019\/12\/logo-Basler-Papiermuhle-marrone-1.png\",\"contentUrl\":\"https:\/\/www.baslerpapiermuehle.ch\/wp-content\/uploads\/2019\/12\/logo-Basler-Papiermuhle-marrone-1.png\",\"width\":2051,\"height\":530,\"caption\":\"Basler Papierm\u00fchle Museum\"},\"image\":{\"@id\":\"https:\/\/www.baslerpapiermuehle.ch\/#\/schema\/logo\/image\/\"},\"sameAs\":[\"https:\/\/www.facebook.com\/baslerpapiermuehle\/\"]}]}<\/script>\n<!-- \/ Yoast SEO plugin. -->","yoast_head_json":{"title":"Vernissage: B\u00fcndelbanden. Das grosse Unboxing - Basler Papierm\u00fchle","robots":{"index":"index","follow":"follow","max-snippet":"max-snippet:-1","max-image-preview":"max-image-preview:large","max-video-preview":"max-video-preview:-1"},"canonical":"https:\/\/www.baslerpapiermuehle.ch\/events\/vernissage-buendelbanden-das-grosse-unboxing\/","og_locale":"en_US","og_type":"article","og_title":"Vernissage: B\u00fcndelbanden. Das grosse Unboxing - Basler Papierm\u00fchle","og_description":"Wir er\u00f6ffnen unsere Ausstellung mit einer geb\u00fcndelten Ladung Karton. Hilf mit beim Unboxing und entdecke die vertrauten B\u00fcndel am Strassenrand ganz neu! Spannende G\u00e4ste erz\u00e4hlen von den verborgenen Seiten der Schachtelberge. Und auch vom Karton selbst wollen wir wissen: Was erlebt er auf seinen Reisen durch Lagerhallen, Schiffscontainer und Wohnzimmer und wem begegnet er dort? [&hellip;]","og_url":"https:\/\/www.baslerpapiermuehle.ch\/events\/vernissage-buendelbanden-das-grosse-unboxing\/","og_site_name":"Basler Papierm\u00fchle","article_publisher":"https:\/\/www.facebook.com\/baslerpapiermuehle\/","og_image":[{"width":2560,"height":1447,"url":"https:\/\/www.baslerpapiermuehle.ch\/wp-content\/uploads\/2026\/03\/20231017_180040_color-scaled.jpg","type":"image\/jpeg"}],"twitter_card":"summary_large_image","twitter_misc":{"Est. reading time":"1 minute"},"schema":{"@context":"https:\/\/schema.org","@graph":[{"@type":"WebPage","@id":"https:\/\/www.baslerpapiermuehle.ch\/events\/vernissage-buendelbanden-das-grosse-unboxing\/","url":"https:\/\/www.baslerpapiermuehle.ch\/events\/vernissage-buendelbanden-das-grosse-unboxing\/","name":"Vernissage: B\u00fcndelbanden. Das grosse Unboxing - Basler Papierm\u00fchle","isPartOf":{"@id":"https:\/\/www.baslerpapiermuehle.ch\/#website"},"primaryImageOfPage":{"@id":"https:\/\/www.baslerpapiermuehle.ch\/events\/vernissage-buendelbanden-das-grosse-unboxing\/#primaryimage"},"image":{"@id":"https:\/\/www.baslerpapiermuehle.ch\/events\/vernissage-buendelbanden-das-grosse-unboxing\/#primaryimage"},"thumbnailUrl":"https:\/\/www.baslerpapiermuehle.ch\/wp-content\/uploads\/2026\/03\/20231017_180040_color-scaled.jpg","datePublished":"2026-03-20T11:56:08+00:00","breadcrumb":{"@id":"https:\/\/www.baslerpapiermuehle.ch\/events\/vernissage-buendelbanden-das-grosse-unboxing\/#breadcrumb"},"inLanguage":"en-US","potentialAction":[{"@type":"ReadAction","target":["https:\/\/www.baslerpapiermuehle.ch\/events\/vernissage-buendelbanden-das-grosse-unboxing\/"]}]},{"@type":"ImageObject","inLanguage":"en-US","@id":"https:\/\/www.baslerpapiermuehle.ch\/events\/vernissage-buendelbanden-das-grosse-unboxing\/#primaryimage","url":"https:\/\/www.baslerpapiermuehle.ch\/wp-content\/uploads\/2026\/03\/20231017_180040_color-scaled.jpg","contentUrl":"https:\/\/www.baslerpapiermuehle.ch\/wp-content\/uploads\/2026\/03\/20231017_180040_color-scaled.jpg","width":2560,"height":1447},{"@type":"BreadcrumbList","@id":"https:\/\/www.baslerpapiermuehle.ch\/events\/vernissage-buendelbanden-das-grosse-unboxing\/#breadcrumb","itemListElement":[{"@type":"ListItem","position":1,"name":"Home","item":"https:\/\/www.baslerpapiermuehle.ch\/en\/home-eng\/"},{"@type":"ListItem","position":2,"name":"Veranstaltungen","item":"https:\/\/www.baslerpapiermuehle.ch\/events\/"},{"@type":"ListItem","position":3,"name":"Vernissage: B\u00fcndelbanden. Das grosse Unboxing"}]},{"@type":"WebSite","@id":"https:\/\/www.baslerpapiermuehle.ch\/#website","url":"https:\/\/www.baslerpapiermuehle.ch\/","name":"Basler Papierm\u00fchle - Swiss Museum for Paper, Writing and Printing","description":"Swiss Museum for Paper, Writing and Printing","publisher":{"@id":"https:\/\/www.baslerpapiermuehle.ch\/#organization"},"potentialAction":[{"@type":"SearchAction","target":{"@type":"EntryPoint","urlTemplate":"https:\/\/www.baslerpapiermuehle.ch\/?s={search_term_string}"},"query-input":{"@type":"PropertyValueSpecification","valueRequired":true,"valueName":"search_term_string"}}],"inLanguage":"en-US"},{"@type":"Organization","@id":"https:\/\/www.baslerpapiermuehle.ch\/#organization","name":"Basler Papierm\u00fchle Museum","url":"https:\/\/www.baslerpapiermuehle.ch\/","logo":{"@type":"ImageObject","inLanguage":"en-US","@id":"https:\/\/www.baslerpapiermuehle.ch\/#\/schema\/logo\/image\/","url":"https:\/\/www.baslerpapiermuehle.ch\/wp-content\/uploads\/2019\/12\/logo-Basler-Papiermuhle-marrone-1.png","contentUrl":"https:\/\/www.baslerpapiermuehle.ch\/wp-content\/uploads\/2019\/12\/logo-Basler-Papiermuhle-marrone-1.png","width":2051,"height":530,"caption":"Basler Papierm\u00fchle Museum"},"image":{"@id":"https:\/\/www.baslerpapiermuehle.ch\/#\/schema\/logo\/image\/"},"sameAs":["https:\/\/www.facebook.com\/baslerpapiermuehle\/"]}]}},"_links":{"self":[{"href":"https:\/\/www.baslerpapiermuehle.ch\/en\/wp-json\/wp\/v2\/mec-events\/23571","targetHints":{"allow":["GET"]}}],"collection":[{"href":"https:\/\/www.baslerpapiermuehle.ch\/en\/wp-json\/wp\/v2\/mec-events"}],"about":[{"href":"https:\/\/www.baslerpapiermuehle.ch\/en\/wp-json\/wp\/v2\/types\/mec-events"}],"author":[{"embeddable":true,"href":"https:\/\/www.baslerpapiermuehle.ch\/en\/wp-json\/wp\/v2\/users\/3"}],"replies":[{"embeddable":true,"href":"https:\/\/www.baslerpapiermuehle.ch\/en\/wp-json\/wp\/v2\/comments?post=23571"}],"wp:featuredmedia":[{"embeddable":true,"href":"https:\/\/www.baslerpapiermuehle.ch\/en\/wp-json\/wp\/v2\/media\/23572"}],"wp:attachment":[{"href":"https:\/\/www.baslerpapiermuehle.ch\/en\/wp-json\/wp\/v2\/media?parent=23571"}],"wp:term":[{"taxonomy":"post_tag","embeddable":true,"href":"https:\/\/www.baslerpapiermuehle.ch\/en\/wp-json\/wp\/v2\/tags?post=23571"},{"taxonomy":"mec_category","embeddable":true,"href":"https:\/\/www.baslerpapiermuehle.ch\/en\/wp-json\/wp\/v2\/mec_category?post=23571"}],"curies":[{"name":"wp","href":"https:\/\/api.w.org\/{rel}","templated":true}]}}

Vernissage: Bündelbanden. Das grosse Unboxing

<p><strong>Wir eröffnen unsere Ausstellung mit einer gebündelten Ladung Karton. Hilf mit beim Unboxing und entdecke die vertrauten Bündel am Strassenrand ganz neu! Spannende Gäste erzählen von den verborgenen Seiten der Schachtelberge. Und auch vom Karton selbst wollen wir wissen: Was erlebt er auf seinen Reisen durch Lagerhallen, Schiffscontainer und Wohnzimmer und wem begegnet er dort? Während den Basler Sommerferien beleben wir die Ausstellung mit Workshops und auf Spaziergängen erkunden wir die Kartonsammlung im Quartier. An der Vernissage erfährst du, wie alles miteinander verschachtelt ist. </strong></p>
<p><strong>Die Vernissage findet im Atelier 39 statt, direkt neben dem Museum. Die Teilnahme ist kostenlos. Das Angebot richtet sich an Kinder, Jugendliche und Erwachsene. Eine Anmeldung ist nicht erforderlich. Eintritt frei.</strong></p>
<p><em><strong>Gefördert durch den Swisslos-Fonds Basel-Stadt</strong></em></p>

<p>Wir eröffnen unsere Ausstellung mit einer gebündelten Ladung Karton. Hilf mit beim Unboxing und entdecke die vertrauten Bündel am Strassenrand ganz neu! Spannende Gäste erzählen von den verborgenen Seiten der Schachtelberge. Und auch vom Karton selbst wollen wir wissen: Was erlebt er auf seinen Reisen durch Lagerhallen, Schiffscontainer und Wohnzimmer und wem begegnet er dort? [&hellip;]</p>

<!-- This site is optimized with the Yoast SEO plugin v26.8 - https://yoast.com/product/yoast-seo-wordpress/ -->
<title>Vernissage: Bündelbanden. Das grosse Unboxing - Basler Papiermühle</title>
<meta name="robots" content="index, follow, max-snippet:-1, max-image-preview:large, max-video-preview:-1" />
<link rel="canonical" href="https://www.baslerpapiermuehle.ch/events/vernissage-buendelbanden-das-grosse-unboxing/" />
<meta property="og:locale" content="en_US" />
<meta property="og:type" content="article" />
<meta property="og:title" content="Vernissage: Bündelbanden. Das grosse Unboxing - Basler Papiermühle" />
<meta property="og:description" content="Wir eröffnen unsere Ausstellung mit einer gebündelten Ladung Karton. Hilf mit beim Unboxing und entdecke die vertrauten Bündel am Strassenrand ganz neu! Spannende Gäste erzählen von den verborgenen Seiten der Schachtelberge. Und auch vom Karton selbst wollen wir wissen: Was erlebt er auf seinen Reisen durch Lagerhallen, Schiffscontainer und Wohnzimmer und wem begegnet er dort? [&hellip;]" />
<meta property="og:url" content="https://www.baslerpapiermuehle.ch/events/vernissage-buendelbanden-das-grosse-unboxing/" />
<meta property="og:site_name" content="Basler Papiermühle" />
<meta property="article:publisher" content="https://www.facebook.com/baslerpapiermuehle/" />
<meta property="og:image" content="https://www.baslerpapiermuehle.ch/wp-content/uploads/2026/03/20231017_180040_color-scaled.jpg" />
	<meta property="og:image:width" content="2560" />
	<meta property="og:image:height" content="1447" />
	<meta property="og:image:type" content="image/jpeg" />
<meta name="twitter:card" content="summary_large_image" />
<meta name="twitter:label1" content="Est. reading time" />
	<meta name="twitter:data1" content="1 minute" />
<script type="application/ld+json" class="yoast-schema-graph">{"@context":"https://schema.org","@graph":[{"@type":"WebPage","@id":"https://www.baslerpapiermuehle.ch/events/vernissage-buendelbanden-das-grosse-unboxing/","url":"https://www.baslerpapiermuehle.ch/events/vernissage-buendelbanden-das-grosse-unboxing/","name":"Vernissage: Bündelbanden. Das grosse Unboxing - Basler Papiermühle","isPartOf":{"@id":"https://www.baslerpapiermuehle.ch/#website"},"primaryImageOfPage":{"@id":"https://www.baslerpapiermuehle.ch/events/vernissage-buendelbanden-das-grosse-unboxing/#primaryimage"},"image":{"@id":"https://www.baslerpapiermuehle.ch/events/vernissage-buendelbanden-das-grosse-unboxing/#primaryimage"},"thumbnailUrl":"https://www.baslerpapiermuehle.ch/wp-content/uploads/2026/03/20231017_180040_color-scaled.jpg","datePublished":"2026-03-20T11:56:08+00:00","breadcrumb":{"@id":"https://www.baslerpapiermuehle.ch/events/vernissage-buendelbanden-das-grosse-unboxing/#breadcrumb"},"inLanguage":"en-US","potentialAction":[{"@type":"ReadAction","target":["https://www.baslerpapiermuehle.ch/events/vernissage-buendelbanden-das-grosse-unboxing/"]}]},{"@type":"ImageObject","inLanguage":"en-US","@id":"https://www.baslerpapiermuehle.ch/events/vernissage-buendelbanden-das-grosse-unboxing/#primaryimage","url":"https://www.baslerpapiermuehle.ch/wp-content/uploads/2026/03/20231017_180040_color-scaled.jpg","contentUrl":"https://www.baslerpapiermuehle.ch/wp-content/uploads/2026/03/20231017_180040_color-scaled.jpg","width":2560,"height":1447},{"@type":"BreadcrumbList","@id":"https://www.baslerpapiermuehle.ch/events/vernissage-buendelbanden-das-grosse-unboxing/#breadcrumb","itemListElement":[{"@type":"ListItem","position":1,"name":"Home","item":"https://www.baslerpapiermuehle.ch/en/home-eng/"},{"@type":"ListItem","position":2,"name":"Veranstaltungen","item":"https://www.baslerpapiermuehle.ch/events/"},{"@type":"ListItem","position":3,"name":"Vernissage: Bündelbanden. Das grosse Unboxing"}]},{"@type":"WebSite","@id":"https://www.baslerpapiermuehle.ch/#website","url":"https://www.baslerpapiermuehle.ch/","name":"Basler Papiermühle - Swiss Museum for Paper, Writing and Printing","description":"Swiss Museum for Paper, Writing and Printing","publisher":{"@id":"https://www.baslerpapiermuehle.ch/#organization"},"potentialAction":[{"@type":"SearchAction","target":{"@type":"EntryPoint","urlTemplate":"https://www.baslerpapiermuehle.ch/?s={search_term_string}"},"query-input":{"@type":"PropertyValueSpecification","valueRequired":true,"valueName":"search_term_string"}}],"inLanguage":"en-US"},{"@type":"Organization","@id":"https://www.baslerpapiermuehle.ch/#organization","name":"Basler Papiermühle Museum","url":"https://www.baslerpapiermuehle.ch/","logo":{"@type":"ImageObject","inLanguage":"en-US","@id":"https://www.baslerpapiermuehle.ch/#/schema/logo/image/","url":"https://www.baslerpapiermuehle.ch/wp-content/uploads/2019/12/logo-Basler-Papiermuhle-marrone-1.png","contentUrl":"https://www.baslerpapiermuehle.ch/wp-content/uploads/2019/12/logo-Basler-Papiermuhle-marrone-1.png","width":2051,"height":530,"caption":"Basler Papiermühle Museum"},"image":{"@id":"https://www.baslerpapiermuehle.ch/#/schema/logo/image/"},"sameAs":["https://www.facebook.com/baslerpapiermuehle/"]}]}</script>
<!-- / Yoast SEO plugin. -->

Vernissage: Bündelbanden. Das grosse Unboxing - Basler Papiermühle

Wir eröffnen unsere Ausstellung mit einer gebündelten Ladung Karton. Hilf mit beim Unboxing und entdecke die vertrauten Bündel am Strassenrand ganz neu! Spannende Gäste erzählen von den verborgenen Seiten der Schachtelberge. Und auch vom Karton selbst wollen wir wissen: Was erlebt er auf seinen Reisen durch Lagerhallen, Schiffscontainer und Wohnzimmer und wem begegnet er dort? [&hellip;]

Basler Papiermühle

Basler Papiermühle - Swiss Museum for Paper, Writing and Printing

Basler Papiermühle Museum
